{"id":755,"date":"2023-08-07T03:24:29","date_gmt":"2023-08-07T03:24:29","guid":{"rendered":"https:\/\/globalairservice.com\/?page_id=755"},"modified":"2025-05-25T17:04:38","modified_gmt":"2025-05-25T17:04:38","slug":"proceso-importacion","status":"publish","type":"page","link":"https:\/\/globalairservice.com\/?page_id=755","title":{"rendered":"Proceso de importaci\u00f3n"},"content":{"rendered":"\t\t<div data-elementor-type=\"wp-page\" data-elementor-id=\"755\" class=\"elementor elementor-755\">\n\t\t\t\t\t\t<section class=\"elementor-section elementor-top-section elementor-element elementor-element-26a4c4f ct-section-stretched elementor-section-height-min-height elementor-section-boxed elementor-section-height-default elementor-section-items-middle\" data-id=\"26a4c4f\" data-element_type=\"section\" data-settings=\"{&quot;background_background&quot;:&quot;classic&quot;}\">\n\t\t\t\t\t\t\t<div class=\"elementor-background-overlay\"><\/div>\n\t\t\t\t\t\t\t<div class=\"elementor-container elementor-column-gap-default\">\n\t\t\t\t\t<div class=\"elementor-column elementor-col-100 elementor-top-column elementor-element elementor-element-c0e5f16\" data-id=\"c0e5f16\" data-element_type=\"column\">\n\t\t\t<div class=\"elementor-widget-wrap elementor-element-populated\">\n\t\t\t\t\t\t<div class=\"elementor-element elementor-element-936fbf0 elementor-widget elementor-widget-heading\" data-id=\"936fbf0\" data-element_type=\"widget\" data-widget_type=\"heading.default\">\n\t\t\t\t<div class=\"elementor-widget-container\">\n\t\t\t\t\t<h1 class=\"elementor-heading-title elementor-size-default\">Proceso de importaci\u00f3n<\/h1>\t\t\t\t<\/div>\n\t\t\t\t<\/div>\n\t\t\t\t\t<\/div>\n\t\t<\/div>\n\t\t\t\t\t<\/div>\n\t\t<\/section>\n\t\t\t\t<section class=\"elementor-section elementor-top-section elementor-element elementor-element-fe9e855 elementor-section-boxed elementor-section-height-default elementor-section-height-default\" data-id=\"fe9e855\" data-element_type=\"section\">\n\t\t\t\t\t\t<div class=\"elementor-container elementor-column-gap-default\">\n\t\t\t\t\t<div class=\"elementor-column elementor-col-66 elementor-top-column elementor-element elementor-element-4bb8738\" data-id=\"4bb8738\" data-element_type=\"column\">\n\t\t\t<div class=\"elementor-widget-wrap elementor-element-populated\">\n\t\t\t\t\t\t<div class=\"elementor-element elementor-element-9be3b6c elementor-widget elementor-widget-text-editor\" data-id=\"9be3b6c\" data-element_type=\"widget\" data-widget_type=\"text-editor.default\">\n\t\t\t\t<div class=\"elementor-widget-container\">\n\t\t\t\t\t\t\t\t\t<p>En Global Air Service manejamos la importaci\u00f3n de las cargas de Delta y Air Canada.<\/p><p>Al ingresar la carga a SJO nuestro departamento de Operaciones realiza la verificaci\u00f3n de la misma y genera la notificaci\u00f3n al consignatario indicado en la gu\u00eda a\u00e9rea.<\/p><p>Para comunicarse con el departamento de operaciones puede llamar al <a href=\"tel:50688721398\">(506) 8872-1398<\/a>, puede comunicarse por whastapp utilizando el bot\u00f3n ubicado en al esquina inferior izquierda del sitio, o bien al correo <a href=\"mailto:operacionessjo@globalairservice.com\">operacionessjo@globalairservice.com<\/a><\/p><p>Una vez notificado, el consignatario puede realizar el pago y retiro de la documentaci\u00f3n en nuestra oficina ubicada en Edificio TMS-Alajuela (Terminal de importaci\u00f3n y almac\u00e9n fiscal A-153) Contiguo a la terminal de carga del Aeropuerto Juan Santamar\u00eda y a la Aduana Santamar\u00eda.<\/p><p>Cualquier duda con el pago o documentaci\u00f3n comunicarse al <a href=\"tel:50640001440\">(506) 4000-1440<\/a> ext 14 o al correo: <a href=\"mailto:tesoreria@aeroexpress.net\">tesoreria@aeroexpress.net<\/a><\/p><p>Para dudas o informaci\u00f3n sobre facturaci\u00f3n comunicarse al correo <a href=\"mailto:dcastillo@globalairservice.com\">dcastillo@globalairservice.com<\/a><\/p><p>Una vez retirada la documentaci\u00f3n el consignatario puede realizar el retiro de la carga en la misma Terminal.<\/p>\t\t\t\t\t\t\t\t<\/div>\n\t\t\t\t<\/div>\n\t\t\t\t\t<\/div>\n\t\t<\/div>\n\t\t\t\t<div class=\"elementor-column elementor-col-33 elementor-top-column elementor-element elementor-element-8a0760c\" data-id=\"8a0760c\" data-element_type=\"column\">\n\t\t\t<div class=\"elementor-widget-wrap elementor-element-populated\">\n\t\t\t\t\t\t<div class=\"elementor-element elementor-element-4f44423 elementor-widget elementor-widget-image\" data-id=\"4f44423\" data-element_type=\"widget\" data-widget_type=\"image.default\">\n\t\t\t\t<div class=\"elementor-widget-container\">\n\t\t\t\t\t\t\t\t\t\t\t\t\t\t\t<img fetchpriority=\"high\" decoding=\"async\" width=\"1819\" height=\"1681\" src=\"https:\/\/globalairservice.com\/wp-content\/uploads\/2023\/08\/LogonORMt.png\" class=\"attachment-full size-full wp-image-760\" alt=\"\" srcset=\"https:\/\/globalairservice.com\/wp-content\/uploads\/2023\/08\/LogonORMt.png 1819w, https:\/\/globalairservice.com\/wp-content\/uploads\/2023\/08\/LogonORMt-300x277.png 300w, https:\/\/globalairservice.com\/wp-content\/uploads\/2023\/08\/LogonORMt-1024x946.png 1024w, https:\/\/globalairservice.com\/wp-content\/uploads\/2023\/08\/LogonORMt-768x710.png 768w, https:\/\/globalairservice.com\/wp-content\/uploads\/2023\/08\/LogonORMt-1536x1419.png 1536w\" sizes=\"(max-width: 1819px) 100vw, 1819px\" \/>\t\t\t\t\t\t\t\t\t\t\t\t\t\t\t<\/div>\n\t\t\t\t<\/div>\n\t\t\t\t\t<\/div>\n\t\t<\/div>\n\t\t\t\t\t<\/div>\n\t\t<\/section>\n\t\t\t\t<section class=\"elementor-section elementor-top-section elementor-element elementor-element-cf00cf8 elementor-section-content-middle ct-section-stretched elementor-section-boxed elementor-section-height-default elementor-section-height-default\" data-id=\"cf00cf8\" data-element_type=\"section\" data-settings=\"{&quot;background_background&quot;:&quot;classic&quot;}\">\n\t\t\t\t\t\t\t<div class=\"elementor-background-overlay\"><\/div>\n\t\t\t\t\t\t\t<div class=\"elementor-container elementor-column-gap-default\">\n\t\t\t\t\t<div class=\"elementor-column elementor-col-20 elementor-top-column elementor-element elementor-element-eed7103\" data-id=\"eed7103\" data-element_type=\"column\">\n\t\t\t<div class=\"elementor-widget-wrap elementor-element-populated\">\n\t\t\t\t\t\t<div class=\"elementor-element elementor-element-67d4a68 elementor-widget elementor-widget-image\" data-id=\"67d4a68\" data-element_type=\"widget\" data-widget_type=\"image.default\">\n\t\t\t\t<div class=\"elementor-widget-container\">\n\t\t\t\t\t\t\t\t\t\t\t\t\t\t\t<img decoding=\"async\" width=\"1423\" height=\"278\" src=\"https:\/\/globalairservice.com\/wp-content\/uploads\/2023\/08\/LOGO-DELTA-GREY.png\" class=\"attachment-full size-full wp-image-796\" alt=\"\" srcset=\"https:\/\/globalairservice.com\/wp-content\/uploads\/2023\/08\/LOGO-DELTA-GREY.png 1423w, https:\/\/globalairservice.com\/wp-content\/uploads\/2023\/08\/LOGO-DELTA-GREY-300x59.png 300w, https:\/\/globalairservice.com\/wp-content\/uploads\/2023\/08\/LOGO-DELTA-GREY-1024x200.png 1024w, https:\/\/globalairservice.com\/wp-content\/uploads\/2023\/08\/LOGO-DELTA-GREY-768x150.png 768w\" sizes=\"(max-width: 1423px) 100vw, 1423px\" \/>\t\t\t\t\t\t\t\t\t\t\t\t\t\t\t<\/div>\n\t\t\t\t<\/div>\n\t\t\t\t\t<\/div>\n\t\t<\/div>\n\t\t\t\t<div class=\"elementor-column elementor-col-20 elementor-top-column elementor-element elementor-element-6ddaefc\" data-id=\"6ddaefc\" data-element_type=\"column\">\n\t\t\t<div class=\"elementor-widget-wrap elementor-element-populated\">\n\t\t\t\t\t\t<div class=\"elementor-element elementor-element-e500f3d elementor-widget elementor-widget-image\" data-id=\"e500f3d\" data-element_type=\"widget\" data-widget_type=\"image.default\">\n\t\t\t\t<div class=\"elementor-widget-container\">\n\t\t\t\t\t\t\t\t\t\t\t\t\t\t\t<img decoding=\"async\" width=\"1200\" height=\"406\" src=\"https:\/\/globalairservice.com\/wp-content\/uploads\/2023\/08\/Amerijet_International_Logo-GREY.png\" class=\"attachment-full size-full wp-image-795\" alt=\"\" srcset=\"https:\/\/globalairservice.com\/wp-content\/uploads\/2023\/08\/Amerijet_International_Logo-GREY.png 1200w, https:\/\/globalairservice.com\/wp-content\/uploads\/2023\/08\/Amerijet_International_Logo-GREY-300x102.png 300w, https:\/\/globalairservice.com\/wp-content\/uploads\/2023\/08\/Amerijet_International_Logo-GREY-1024x346.png 1024w, https:\/\/globalairservice.com\/wp-content\/uploads\/2023\/08\/Amerijet_International_Logo-GREY-768x260.png 768w\" sizes=\"(max-width: 1200px) 100vw, 1200px\" \/>\t\t\t\t\t\t\t\t\t\t\t\t\t\t\t<\/div>\n\t\t\t\t<\/div>\n\t\t\t\t\t<\/div>\n\t\t<\/div>\n\t\t\t\t<div class=\"elementor-column elementor-col-20 elementor-top-column elementor-element elementor-element-dc8f34a\" data-id=\"dc8f34a\" data-element_type=\"column\">\n\t\t\t<div class=\"elementor-widget-wrap elementor-element-populated\">\n\t\t\t\t\t\t<div class=\"elementor-element elementor-element-c944cfe elementor-widget elementor-widget-image\" data-id=\"c944cfe\" data-element_type=\"widget\" data-widget_type=\"image.default\">\n\t\t\t\t<div class=\"elementor-widget-container\">\n\t\t\t\t\t\t\t\t\t\t\t\t\t\t\t<img loading=\"lazy\" decoding=\"async\" width=\"1024\" height=\"122\" src=\"https:\/\/globalairservice.com\/wp-content\/uploads\/2023\/08\/KoreanAir_logo-1024x122.png\" class=\"attachment-large size-large wp-image-911\" alt=\"\" srcset=\"https:\/\/globalairservice.com\/wp-content\/uploads\/2023\/08\/KoreanAir_logo-1024x122.png 1024w, https:\/\/globalairservice.com\/wp-content\/uploads\/2023\/08\/KoreanAir_logo-300x36.png 300w, https:\/\/globalairservice.com\/wp-content\/uploads\/2023\/08\/KoreanAir_logo-768x92.png 768w, https:\/\/globalairservice.com\/wp-content\/uploads\/2023\/08\/KoreanAir_logo-1536x183.png 1536w, https:\/\/globalairservice.com\/wp-content\/uploads\/2023\/08\/KoreanAir_logo-2048x244.png 2048w\" sizes=\"(max-width: 1024px) 100vw, 1024px\" \/>\t\t\t\t\t\t\t\t\t\t\t\t\t\t\t<\/div>\n\t\t\t\t<\/div>\n\t\t\t\t\t<\/div>\n\t\t<\/div>\n\t\t\t\t<div class=\"elementor-column elementor-col-20 elementor-top-column elementor-element elementor-element-b07ab74\" data-id=\"b07ab74\" data-element_type=\"column\">\n\t\t\t<div class=\"elementor-widget-wrap elementor-element-populated\">\n\t\t\t\t\t\t<div class=\"elementor-element elementor-element-6160c63 elementor-widget elementor-widget-image\" data-id=\"6160c63\" data-element_type=\"widget\" data-widget_type=\"image.default\">\n\t\t\t\t<div class=\"elementor-widget-container\">\n\t\t\t\t\t\t\t\t\t\t\t\t\t\t\t<img loading=\"lazy\" decoding=\"async\" width=\"1280\" height=\"168\" src=\"https:\/\/globalairservice.com\/wp-content\/uploads\/2023\/08\/1280px-Air_Canada_Logo-GREY.png\" class=\"attachment-full size-full wp-image-794\" alt=\"\" srcset=\"https:\/\/globalairservice.com\/wp-content\/uploads\/2023\/08\/1280px-Air_Canada_Logo-GREY.png 1280w, https:\/\/globalairservice.com\/wp-content\/uploads\/2023\/08\/1280px-Air_Canada_Logo-GREY-300x39.png 300w, https:\/\/globalairservice.com\/wp-content\/uploads\/2023\/08\/1280px-Air_Canada_Logo-GREY-1024x134.png 1024w, https:\/\/globalairservice.com\/wp-content\/uploads\/2023\/08\/1280px-Air_Canada_Logo-GREY-768x101.png 768w\" sizes=\"(max-width: 1280px) 100vw, 1280px\" \/>\t\t\t\t\t\t\t\t\t\t\t\t\t\t\t<\/div>\n\t\t\t\t<\/div>\n\t\t\t\t\t<\/div>\n\t\t<\/div>\n\t\t\t\t<div class=\"elementor-column elementor-col-20 elementor-top-column elementor-element elementor-element-b1ad7c9\" data-id=\"b1ad7c9\" data-element_type=\"column\">\n\t\t\t<div class=\"elementor-widget-wrap elementor-element-populated\">\n\t\t\t\t\t\t<div class=\"elementor-element elementor-element-bad8583 elementor-widget elementor-widget-heading\" data-id=\"bad8583\" data-element_type=\"widget\" data-widget_type=\"heading.default\">\n\t\t\t\t<div class=\"elementor-widget-container\">\n\t\t\t\t\t<h2 class=\"elementor-heading-title elementor-size-default\">Charterlines, Inc. (976)\n<\/h2>\t\t\t\t<\/div>\n\t\t\t\t<\/div>\n\t\t\t\t\t<\/div>\n\t\t<\/div>\n\t\t\t\t\t<\/div>\n\t\t<\/section>\n\t\t\t\t<\/div>\n\t\t","protected":false},"excerpt":{"rendered":"<p>Proceso de importaci\u00f3n En Global Air Service manejamos la importaci\u00f3n de las cargas de Delta y Air Canada. Al ingresar la carga a SJO nuestro departamento de Operaciones realiza la verificaci\u00f3n de la misma y genera la notificaci\u00f3n al consignatario indicado en la gu\u00eda a\u00e9rea. Para comunicarse con el departamento de operaciones puede llamar al [&hellip;]<\/p>\n","protected":false},"author":2,"featured_media":0,"parent":0,"menu_order":0,"comment_status":"closed","ping_status":"closed","template":"","meta":{"_joinchat":[],"footnotes":""},"class_list":["post-755","page","type-page","status-publish","hentry"],"blocksy_meta":[],"_links":{"self":[{"href":"https:\/\/globalairservice.com\/index.php?rest_route=\/wp\/v2\/pages\/755","targetHints":{"allow":["GET"]}}],"collection":[{"href":"https:\/\/globalairservice.com\/index.php?rest_route=\/wp\/v2\/pages"}],"about":[{"href":"https:\/\/globalairservice.com\/index.php?rest_route=\/wp\/v2\/types\/page"}],"author":[{"embeddable":true,"href":"https:\/\/globalairservice.com\/index.php?rest_route=\/wp\/v2\/users\/2"}],"replies":[{"embeddable":true,"href":"https:\/\/globalairservice.com\/index.php?rest_route=%2Fwp%2Fv2%2Fcomments&post=755"}],"version-history":[{"count":23,"href":"https:\/\/globalairservice.com\/index.php?rest_route=\/wp\/v2\/pages\/755\/revisions"}],"predecessor-version":[{"id":1040,"href":"https:\/\/globalairservice.com\/index.php?rest_route=\/wp\/v2\/pages\/755\/revisions\/1040"}],"wp:attachment":[{"href":"https:\/\/globalairservice.com\/index.php?rest_route=%2Fwp%2Fv2%2Fmedia&parent=755"}],"curies":[{"name":"wp","href":"https:\/\/api.w.org\/{rel}","templated":true}]}}