{"id":879,"date":"2023-08-28T18:44:56","date_gmt":"2023-08-28T18:44:56","guid":{"rendered":"https:\/\/globalairservice.com\/?page_id=879"},"modified":"2025-05-21T20:37:12","modified_gmt":"2025-05-21T20:37:12","slug":"aerolineas-representadas","status":"publish","type":"page","link":"https:\/\/globalairservice.com\/?page_id=879","title":{"rendered":"Aerol\u00edneas representadas"},"content":{"rendered":"\t\t<div data-elementor-type=\"wp-page\" data-elementor-id=\"879\" class=\"elementor elementor-879\">\n\t\t\t\t\t\t<section class=\"elementor-section elementor-top-section elementor-element elementor-element-26a4c4f ct-section-stretched elementor-section-height-min-height elementor-section-boxed elementor-section-height-default elementor-section-items-middle\" data-id=\"26a4c4f\" data-element_type=\"section\" data-settings=\"{&quot;background_background&quot;:&quot;classic&quot;}\">\n\t\t\t\t\t\t\t<div class=\"elementor-background-overlay\"><\/div>\n\t\t\t\t\t\t\t<div class=\"elementor-container elementor-column-gap-default\">\n\t\t\t\t\t<div class=\"elementor-column elementor-col-100 elementor-top-column elementor-element elementor-element-c0e5f16\" data-id=\"c0e5f16\" data-element_type=\"column\" data-settings=\"{&quot;background_background&quot;:&quot;classic&quot;}\">\n\t\t\t<div class=\"elementor-widget-wrap elementor-element-populated\">\n\t\t\t\t\t\t<div class=\"elementor-element elementor-element-936fbf0 elementor-widget elementor-widget-heading\" data-id=\"936fbf0\" data-element_type=\"widget\" data-widget_type=\"heading.default\">\n\t\t\t\t<div class=\"elementor-widget-container\">\n\t\t\t\t\t<h1 class=\"elementor-heading-title elementor-size-default\">Aerol\u00edneas representadas<\/h1>\t\t\t\t<\/div>\n\t\t\t\t<\/div>\n\t\t\t\t\t<\/div>\n\t\t<\/div>\n\t\t\t\t\t<\/div>\n\t\t<\/section>\n\t\t\t\t<section class=\"elementor-section elementor-top-section elementor-element elementor-element-9a5a7e7 elementor-section-full_width elementor-section-height-default elementor-section-height-default\" data-id=\"9a5a7e7\" data-element_type=\"section\">\n\t\t\t\t\t\t<div class=\"elementor-container elementor-column-gap-default\">\n\t\t\t\t\t<div class=\"elementor-column elementor-col-50 elementor-top-column elementor-element elementor-element-50d73d9\" data-id=\"50d73d9\" data-element_type=\"column\">\n\t\t\t<div class=\"elementor-widget-wrap elementor-element-populated\">\n\t\t\t\t\t\t<div class=\"elementor-element elementor-element-45ac15a elementor-position-top elementor-widget elementor-widget-image-box\" data-id=\"45ac15a\" data-element_type=\"widget\" data-widget_type=\"image-box.default\">\n\t\t\t\t<div class=\"elementor-widget-container\">\n\t\t\t\t\t<div class=\"elementor-image-box-wrapper\"><figure class=\"elementor-image-box-img\"><a href=\"https:\/\/es.delta.com\/lac\/es\/about-delta\/overview\" tabindex=\"-1\"><img decoding=\"async\" src=\"https:\/\/globalairservice.com\/wp-content\/uploads\/2023\/08\/delta_c_r.png\" title=\"delta_c_r\" alt=\"delta_c_r\" loading=\"lazy\" \/><\/a><\/figure><div class=\"elementor-image-box-content\"><h3 class=\"elementor-image-box-title\"><a href=\"https:\/\/es.delta.com\/lac\/es\/about-delta\/overview\">Delta Air Lines<\/a><\/h3><p class=\"elementor-image-box-description\">Delta Air Lines es una aerol\u00ednea comercial estadounidense cuya base est\u00e1 situada en Atlanta, Georgia. Es miembro fundador de SkyTeam, una alianza de aerol\u00edneas globales que ofrece a los clientes un gran n\u00famero de destinos alrededor del mundo, vuelos y otros servicios. Incluyendo a sus socios de SkyTeam, as\u00ed como socios a nivel mundial de c\u00f3digo compartido.<\/p><\/div><\/div>\t\t\t\t<\/div>\n\t\t\t\t<\/div>\n\t\t\t\t\t<\/div>\n\t\t<\/div>\n\t\t\t\t<div class=\"elementor-column elementor-col-50 elementor-top-column elementor-element elementor-element-1f60f12\" data-id=\"1f60f12\" data-element_type=\"column\">\n\t\t\t<div class=\"elementor-widget-wrap elementor-element-populated\">\n\t\t\t\t\t\t<div class=\"elementor-element elementor-element-a99ad84 elementor-position-top elementor-widget elementor-widget-image-box\" data-id=\"a99ad84\" data-element_type=\"widget\" data-widget_type=\"image-box.default\">\n\t\t\t\t<div class=\"elementor-widget-container\">\n\t\t\t\t\t<div class=\"elementor-image-box-wrapper\"><figure class=\"elementor-image-box-img\"><a href=\"https:\/\/www.koreanair.com\/us\/es\/footer\/about-us\/who-we-are\/overview\/greetings\" tabindex=\"-1\"><img decoding=\"async\" src=\"https:\/\/globalairservice.com\/wp-content\/uploads\/2023\/08\/KoreanAir_logo.svg.png\" title=\"KoreanAir_logo.svg\" alt=\"KoreanAir_logo.svg\" loading=\"lazy\" \/><\/a><\/figure><div class=\"elementor-image-box-content\"><h3 class=\"elementor-image-box-title\"><a href=\"https:\/\/www.koreanair.com\/us\/es\/footer\/about-us\/who-we-are\/overview\/greetings\">Korean Air<\/a><\/h3><p class=\"elementor-image-box-description\">La aerol\u00ednea fue fundada en 1952 con el nombre de Korean AirLines (KAR) por el Estado coreano con capital totalmente p\u00fablico, la misma reemplaz\u00f3 a la antigua aerol\u00ednea de bandera del pa\u00eds, Korean National Airlines. Para el a\u00f1o 1969 es adquirida por el grupo de transporte Hajin por lo que pasa a manos de capital privado.<\/p><\/div><\/div>\t\t\t\t<\/div>\n\t\t\t\t<\/div>\n\t\t\t\t\t<\/div>\n\t\t<\/div>\n\t\t\t\t\t<\/div>\n\t\t<\/section>\n\t\t\t\t<section class=\"elementor-section elementor-top-section elementor-element elementor-element-1472c53 elementor-section-full_width elementor-section-height-default elementor-section-height-default\" data-id=\"1472c53\" data-element_type=\"section\">\n\t\t\t\t\t\t<div class=\"elementor-container elementor-column-gap-default\">\n\t\t\t\t\t<div class=\"elementor-column elementor-col-50 elementor-top-column elementor-element elementor-element-32fa6aa\" data-id=\"32fa6aa\" data-element_type=\"column\">\n\t\t\t<div class=\"elementor-widget-wrap elementor-element-populated\">\n\t\t\t\t\t\t<div class=\"elementor-element elementor-element-08fb7a5 elementor-position-top elementor-widget elementor-widget-image-box\" data-id=\"08fb7a5\" data-element_type=\"widget\" data-widget_type=\"image-box.default\">\n\t\t\t\t<div class=\"elementor-widget-container\">\n\t\t\t\t\t<div class=\"elementor-image-box-wrapper\"><figure class=\"elementor-image-box-img\"><a href=\"https:\/\/www.aircanada.com\/us\/es\/aco\/home.html\" tabindex=\"-1\"><img decoding=\"async\" src=\"https:\/\/globalairservice.com\/wp-content\/uploads\/2023\/08\/1280px-Air_Canada_Logo.svg.png\" title=\"1280px-Air_Canada_Logo.svg\" alt=\"1280px-Air_Canada_Logo.svg\" loading=\"lazy\" \/><\/a><\/figure><div class=\"elementor-image-box-content\"><h3 class=\"elementor-image-box-title\"><a href=\"https:\/\/www.aircanada.com\/us\/es\/aco\/home.html\">Air Canada<\/a><\/h3><p class=\"elementor-image-box-description\">Air Canada es la aerol\u00ednea nacional de Canad\u00e1. Su centro de operaciones est\u00e1 ubicado en el Aeropuerto Internacional Pierre Elliott Trudeau de Montreal, Quebec, Canad\u00e1. La empresa, fundada el 10 de abril de 1936, es uno de los miembros fundadores de la alianza de aerol\u00edneas Star Alliance.<\/p><\/div><\/div>\t\t\t\t<\/div>\n\t\t\t\t<\/div>\n\t\t\t\t\t<\/div>\n\t\t<\/div>\n\t\t\t\t<div class=\"elementor-column elementor-col-50 elementor-top-column elementor-element elementor-element-b407531\" data-id=\"b407531\" data-element_type=\"column\">\n\t\t\t<div class=\"elementor-widget-wrap elementor-element-populated\">\n\t\t\t\t\t\t<div class=\"elementor-element elementor-element-4bc381e elementor-position-top elementor-widget elementor-widget-image-box\" data-id=\"4bc381e\" data-element_type=\"widget\" data-widget_type=\"image-box.default\">\n\t\t\t\t<div class=\"elementor-widget-container\">\n\t\t\t\t\t<div class=\"elementor-image-box-wrapper\"><figure class=\"elementor-image-box-img\"><a href=\"https:\/\/www.amerijet.com\/about-amerijet\/\" tabindex=\"-1\"><img decoding=\"async\" src=\"https:\/\/globalairservice.com\/wp-content\/uploads\/2023\/08\/Amerijet_International_Logo.svg.png\" title=\"Amerijet_International_Logo.svg\" alt=\"Amerijet_International_Logo.svg\" loading=\"lazy\" \/><\/a><\/figure><div class=\"elementor-image-box-content\"><h3 class=\"elementor-image-box-title\"><a href=\"https:\/\/www.amerijet.com\/about-amerijet\/\">Amerijet International<\/a><\/h3><p class=\"elementor-image-box-description\">Amerijet International es una aerol\u00ednea de carga con sede en Fort Lauderdale, Florida, Estados Unidos. Opera servicios de carga a destinos en Am\u00e9rica Central, Am\u00e9rica del Sur y el Caribe. Su base principal es Aeropuerto Internacional Fort Lauderdale-Hollywood, con un centro en el Aeropuerto Internacional de Miami<\/p><\/div><\/div>\t\t\t\t<\/div>\n\t\t\t\t<\/div>\n\t\t\t\t\t<\/div>\n\t\t<\/div>\n\t\t\t\t\t<\/div>\n\t\t<\/section>\n\t\t\t\t<section class=\"elementor-section elementor-top-section elementor-element elementor-element-957347a elementor-section-full_width elementor-section-height-default elementor-section-height-default\" data-id=\"957347a\" data-element_type=\"section\">\n\t\t\t\t\t\t<div class=\"elementor-container elementor-column-gap-default\">\n\t\t\t\t\t<div class=\"elementor-column elementor-col-50 elementor-top-column elementor-element elementor-element-38666ce\" data-id=\"38666ce\" data-element_type=\"column\">\n\t\t\t<div class=\"elementor-widget-wrap elementor-element-populated\">\n\t\t\t\t\t\t<div class=\"elementor-element elementor-element-9e494f3 elementor-position-top elementor-widget elementor-widget-image-box\" data-id=\"9e494f3\" data-element_type=\"widget\" data-widget_type=\"image-box.default\">\n\t\t\t\t<div class=\"elementor-widget-container\">\n\t\t\t\t\t<div class=\"elementor-image-box-wrapper\"><figure class=\"elementor-image-box-img\"><a href=\"https:\/\/www.charterlines.com\/tracking.php\" tabindex=\"-1\"><img decoding=\"async\" src=\"https:\/\/globalairservice.com\/wp-content\/uploads\/2023\/08\/charterlines_logo.png\" title=\"charterlines_logo\" alt=\"charterlines_logo\" loading=\"lazy\" \/><\/a><\/figure><div class=\"elementor-image-box-content\"><h3 class=\"elementor-image-box-title\"><a href=\"https:\/\/www.charterlines.com\/tracking.php\">Charterlines, Inc. (976)<\/a><\/h3><p class=\"elementor-image-box-description\">CHARTERLINES - CARGO TRACKING\nTel. 305-526-1005\nEmail: insidesales@charterlines.com\n\nCHARTERLINES - HEADQUARTERS\n5600 NW 36 Street, Suite 513\nMiami, FL 33166<\/p><\/div><\/div>\t\t\t\t<\/div>\n\t\t\t\t<\/div>\n\t\t\t\t\t<\/div>\n\t\t<\/div>\n\t\t\t\t<div class=\"elementor-column elementor-col-50 elementor-top-column elementor-element elementor-element-1f70e1b\" data-id=\"1f70e1b\" data-element_type=\"column\">\n\t\t\t<div class=\"elementor-widget-wrap\">\n\t\t\t\t\t\t\t<\/div>\n\t\t<\/div>\n\t\t\t\t\t<\/div>\n\t\t<\/section>\n\t\t\t\t<section class=\"elementor-section elementor-top-section elementor-element elementor-element-43901ec elementor-section-content-middle ct-section-stretched elementor-section-boxed elementor-section-height-default elementor-section-height-default\" data-id=\"43901ec\" data-element_type=\"section\" data-settings=\"{&quot;background_background&quot;:&quot;classic&quot;}\">\n\t\t\t\t\t\t\t<div class=\"elementor-background-overlay\"><\/div>\n\t\t\t\t\t\t\t<div class=\"elementor-container elementor-column-gap-default\">\n\t\t\t\t\t<div class=\"elementor-column elementor-col-20 elementor-top-column elementor-element elementor-element-6d75a17\" data-id=\"6d75a17\" data-element_type=\"column\">\n\t\t\t<div class=\"elementor-widget-wrap elementor-element-populated\">\n\t\t\t\t\t\t<div class=\"elementor-element elementor-element-cdc2a5c elementor-widget elementor-widget-image\" data-id=\"cdc2a5c\" data-element_type=\"widget\" data-widget_type=\"image.default\">\n\t\t\t\t<div class=\"elementor-widget-container\">\n\t\t\t\t\t\t\t\t\t\t\t\t\t\t\t<img fetchpriority=\"high\" decoding=\"async\" width=\"1423\" height=\"278\" src=\"https:\/\/globalairservice.com\/wp-content\/uploads\/2023\/08\/LOGO-DELTA-GREY.png\" class=\"attachment-full size-full wp-image-796\" alt=\"\" srcset=\"https:\/\/globalairservice.com\/wp-content\/uploads\/2023\/08\/LOGO-DELTA-GREY.png 1423w, https:\/\/globalairservice.com\/wp-content\/uploads\/2023\/08\/LOGO-DELTA-GREY-300x59.png 300w, https:\/\/globalairservice.com\/wp-content\/uploads\/2023\/08\/LOGO-DELTA-GREY-1024x200.png 1024w, https:\/\/globalairservice.com\/wp-content\/uploads\/2023\/08\/LOGO-DELTA-GREY-768x150.png 768w\" sizes=\"(max-width: 1423px) 100vw, 1423px\" \/>\t\t\t\t\t\t\t\t\t\t\t\t\t\t\t<\/div>\n\t\t\t\t<\/div>\n\t\t\t\t\t<\/div>\n\t\t<\/div>\n\t\t\t\t<div class=\"elementor-column elementor-col-20 elementor-top-column elementor-element elementor-element-34c7532\" data-id=\"34c7532\" data-element_type=\"column\">\n\t\t\t<div class=\"elementor-widget-wrap elementor-element-populated\">\n\t\t\t\t\t\t<div class=\"elementor-element elementor-element-a4e632b elementor-widget elementor-widget-image\" data-id=\"a4e632b\" data-element_type=\"widget\" data-widget_type=\"image.default\">\n\t\t\t\t<div class=\"elementor-widget-container\">\n\t\t\t\t\t\t\t\t\t\t\t\t\t\t\t<img decoding=\"async\" width=\"1200\" height=\"406\" src=\"https:\/\/globalairservice.com\/wp-content\/uploads\/2023\/08\/Amerijet_International_Logo-GREY.png\" class=\"attachment-full size-full wp-image-795\" alt=\"\" srcset=\"https:\/\/globalairservice.com\/wp-content\/uploads\/2023\/08\/Amerijet_International_Logo-GREY.png 1200w, https:\/\/globalairservice.com\/wp-content\/uploads\/2023\/08\/Amerijet_International_Logo-GREY-300x102.png 300w, https:\/\/globalairservice.com\/wp-content\/uploads\/2023\/08\/Amerijet_International_Logo-GREY-1024x346.png 1024w, https:\/\/globalairservice.com\/wp-content\/uploads\/2023\/08\/Amerijet_International_Logo-GREY-768x260.png 768w\" sizes=\"(max-width: 1200px) 100vw, 1200px\" \/>\t\t\t\t\t\t\t\t\t\t\t\t\t\t\t<\/div>\n\t\t\t\t<\/div>\n\t\t\t\t\t<\/div>\n\t\t<\/div>\n\t\t\t\t<div class=\"elementor-column elementor-col-20 elementor-top-column elementor-element elementor-element-4e98ef9\" data-id=\"4e98ef9\" data-element_type=\"column\">\n\t\t\t<div class=\"elementor-widget-wrap elementor-element-populated\">\n\t\t\t\t\t\t<div class=\"elementor-element elementor-element-ba5ad77 elementor-widget elementor-widget-image\" data-id=\"ba5ad77\" data-element_type=\"widget\" data-widget_type=\"image.default\">\n\t\t\t\t<div class=\"elementor-widget-container\">\n\t\t\t\t\t\t\t\t\t\t\t\t\t\t\t<img decoding=\"async\" width=\"1024\" height=\"122\" src=\"https:\/\/globalairservice.com\/wp-content\/uploads\/2023\/08\/KoreanAir_logo-1024x122.png\" class=\"attachment-large size-large wp-image-911\" alt=\"\" srcset=\"https:\/\/globalairservice.com\/wp-content\/uploads\/2023\/08\/KoreanAir_logo-1024x122.png 1024w, https:\/\/globalairservice.com\/wp-content\/uploads\/2023\/08\/KoreanAir_logo-300x36.png 300w, https:\/\/globalairservice.com\/wp-content\/uploads\/2023\/08\/KoreanAir_logo-768x92.png 768w, https:\/\/globalairservice.com\/wp-content\/uploads\/2023\/08\/KoreanAir_logo-1536x183.png 1536w, https:\/\/globalairservice.com\/wp-content\/uploads\/2023\/08\/KoreanAir_logo-2048x244.png 2048w\" sizes=\"(max-width: 1024px) 100vw, 1024px\" \/>\t\t\t\t\t\t\t\t\t\t\t\t\t\t\t<\/div>\n\t\t\t\t<\/div>\n\t\t\t\t\t<\/div>\n\t\t<\/div>\n\t\t\t\t<div class=\"elementor-column elementor-col-20 elementor-top-column elementor-element elementor-element-aac7fa7\" data-id=\"aac7fa7\" data-element_type=\"column\">\n\t\t\t<div class=\"elementor-widget-wrap elementor-element-populated\">\n\t\t\t\t\t\t<div class=\"elementor-element elementor-element-5a2426a elementor-widget elementor-widget-image\" data-id=\"5a2426a\" data-element_type=\"widget\" data-widget_type=\"image.default\">\n\t\t\t\t<div class=\"elementor-widget-container\">\n\t\t\t\t\t\t\t\t\t\t\t\t\t\t\t<img loading=\"lazy\" decoding=\"async\" width=\"1280\" height=\"168\" src=\"https:\/\/globalairservice.com\/wp-content\/uploads\/2023\/08\/1280px-Air_Canada_Logo-GREY.png\" class=\"attachment-full size-full wp-image-794\" alt=\"\" srcset=\"https:\/\/globalairservice.com\/wp-content\/uploads\/2023\/08\/1280px-Air_Canada_Logo-GREY.png 1280w, https:\/\/globalairservice.com\/wp-content\/uploads\/2023\/08\/1280px-Air_Canada_Logo-GREY-300x39.png 300w, https:\/\/globalairservice.com\/wp-content\/uploads\/2023\/08\/1280px-Air_Canada_Logo-GREY-1024x134.png 1024w, https:\/\/globalairservice.com\/wp-content\/uploads\/2023\/08\/1280px-Air_Canada_Logo-GREY-768x101.png 768w\" sizes=\"(max-width: 1280px) 100vw, 1280px\" \/>\t\t\t\t\t\t\t\t\t\t\t\t\t\t\t<\/div>\n\t\t\t\t<\/div>\n\t\t\t\t\t<\/div>\n\t\t<\/div>\n\t\t\t\t<div class=\"elementor-column elementor-col-20 elementor-top-column elementor-element elementor-element-e5b9a40\" data-id=\"e5b9a40\" data-element_type=\"column\">\n\t\t\t<div class=\"elementor-widget-wrap elementor-element-populated\">\n\t\t\t\t\t\t<div class=\"elementor-element elementor-element-53ab190 elementor-widget elementor-widget-heading\" data-id=\"53ab190\" data-element_type=\"widget\" data-widget_type=\"heading.default\">\n\t\t\t\t<div class=\"elementor-widget-container\">\n\t\t\t\t\t<h2 class=\"elementor-heading-title elementor-size-default\">Charterlines, Inc. (976)\n<\/h2>\t\t\t\t<\/div>\n\t\t\t\t<\/div>\n\t\t\t\t\t<\/div>\n\t\t<\/div>\n\t\t\t\t\t<\/div>\n\t\t<\/section>\n\t\t\t\t<section class=\"elementor-section elementor-top-section elementor-element elementor-element-f4cce99 ct-section-stretched elementor-section-full_width elementor-section-height-min-height elementor-section-height-default elementor-section-items-middle\" data-id=\"f4cce99\" data-element_type=\"section\">\n\t\t\t\t\t\t\t<div class=\"elementor-background-overlay\"><\/div>\n\t\t\t\t\t\t\t<div class=\"elementor-container elementor-column-gap-default\">\n\t\t\t\t\t<div class=\"elementor-column elementor-col-100 elementor-top-column elementor-element elementor-element-c239458\" data-id=\"c239458\" data-element_type=\"column\" data-settings=\"{&quot;background_background&quot;:&quot;classic&quot;}\">\n\t\t\t<div class=\"elementor-widget-wrap elementor-element-populated\">\n\t\t\t\t\t\t<div class=\"elementor-element elementor-element-4c23a15 elementor-widget elementor-widget-heading\" data-id=\"4c23a15\" data-element_type=\"widget\" data-widget_type=\"heading.default\">\n\t\t\t\t<div class=\"elementor-widget-container\">\n\t\t\t\t\t<h2 class=\"elementor-heading-title elementor-size-default\">Somos General Sales Agent and General Handler Agent<\/h2>\t\t\t\t<\/div>\n\t\t\t\t<\/div>\n\t\t\t\t\t<\/div>\n\t\t<\/div>\n\t\t\t\t\t<\/div>\n\t\t<\/section>\n\t\t\t\t<\/div>\n\t\t","protected":false},"excerpt":{"rendered":"<p>Aerol\u00edneas representadas Delta Air Lines Delta Air Lines es una aerol\u00ednea comercial estadounidense cuya base est\u00e1 situada en Atlanta, Georgia. Es miembro fundador de SkyTeam, una alianza de aerol\u00edneas globales que ofrece a los clientes un gran n\u00famero de destinos alrededor del mundo, vuelos y otros servicios. Incluyendo a sus socios de SkyTeam, as\u00ed como [&hellip;]<\/p>\n","protected":false},"author":2,"featured_media":0,"parent":0,"menu_order":0,"comment_status":"closed","ping_status":"closed","template":"","meta":{"_joinchat":[],"footnotes":""},"class_list":["post-879","page","type-page","status-publish","hentry"],"blocksy_meta":[],"_links":{"self":[{"href":"https:\/\/globalairservice.com\/index.php?rest_route=\/wp\/v2\/pages\/879","targetHints":{"allow":["GET"]}}],"collection":[{"href":"https:\/\/globalairservice.com\/index.php?rest_route=\/wp\/v2\/pages"}],"about":[{"href":"https:\/\/globalairservice.com\/index.php?rest_route=\/wp\/v2\/types\/page"}],"author":[{"embeddable":true,"href":"https:\/\/globalairservice.com\/index.php?rest_route=\/wp\/v2\/users\/2"}],"replies":[{"embeddable":true,"href":"https:\/\/globalairservice.com\/index.php?rest_route=%2Fwp%2Fv2%2Fcomments&post=879"}],"version-history":[{"count":40,"href":"https:\/\/globalairservice.com\/index.php?rest_route=\/wp\/v2\/pages\/879\/revisions"}],"predecessor-version":[{"id":1021,"href":"https:\/\/globalairservice.com\/index.php?rest_route=\/wp\/v2\/pages\/879\/revisions\/1021"}],"wp:attachment":[{"href":"https:\/\/globalairservice.com\/index.php?rest_route=%2Fwp%2Fv2%2Fmedia&parent=879"}],"curies":[{"name":"wp","href":"https:\/\/api.w.org\/{rel}","templated":true}]}}